pose m + 380 = -2*k + 1591, 1221 = m + 4*k. Is m composite?
False
Let a(q) = q**3 + 10*q**2 + 8*q - 9. Let c be a(-9). Suppose c = 5*i + 27 - 82. Suppose -106 = -5*o - i. Is o a composite number?
False
Let a(v) = -55*v**2 + 0 + 50*v**2 + v**3 + 2. Is a(8) a prime number?
False
Let h(v) = -3*v - 13. Let n be h(-5). Suppose 2*l = 4*z + 2886, 0 = 5*l + 3*z - 9220 + 2005. Suppose t + 2*t - 5*p = l, -n*p - 1924 = -4*t. Is t composite?
True
Let q(p) = p**3 - 4*p**2 - 5*p + 3. Let k be q(5). Suppose 3*r = -2*s - 2, 5*r + 15 + 1 = k*s. Suppose 4*n + 270 = 2*d, -s*n - 687 = -5*d + 2*n. Is d composite?
False
Let c = 68 + -139. Let u = c - -942. Is u composite?
True
Let d = -61 + 43. Is ((771/(-9))/(-1))/((-6)/d) a composite number?
False
Suppose -133818 = -6*v - 0*v. Is v prime?
True
Let c = -13712 + 19461. Is c prime?
True
Is (((-24)/9)/4)/((-2)/1266) a composite number?
True
Suppose -5*m - g + 6 = -4*m, 0 = 5*m - 5*g - 10. Suppose -146 = -2*h - 4*b, h - 5*b + 222 = m*h. Suppose 5*d = 6*d - h. Is d composite?
False
Let o(g) = -g**3 + 20*g**2 + 14*g - 39. Suppose -2*z - 60 = 3*v - 5*z, -40 = 3*v + 2*z. Is o(v) composite?
True
Let o(g) = g**3 - 11*g**2 - 3*g - 11. Let v be o(9). Let m = -85 - v. Is m composite?
True
Let l = -7929 - 5317. Let z = -4987 - l. Suppose -2817 = 6*u - z. Is u a composite number?
False
Suppose -4*b + 3*b = -4. Suppose q = -2*q + 5*n + 25, n = -b*q - 5. Suppose q = -4*l + 2*s + 532, -5*l + 4*l + 2*s = -139. Is l a composite number?
False
Let v(h) = h**3 - 2*h**2 + 2. Let w be v(3). Suppose 0 = -3*o + w*o - 4696. Is o composite?
False
Let r(g) = -2*g**2 + 17. Let n be r(5). Is n*((-1)/6)/(3/474) prime?
False
Suppose -5*j = -10, 9*n + 4*j = 8*n + 1249. Is n a prime number?
False
Suppose 0*c + 4*k + 22175 = 5*c, 5*c - 22170 = 3*k. Is ((-8)/12)/((-2)/c) composite?
True
Let k = -1412 + 4255. Is k composite?
False
Let j(h) = -8*h**3 - 5*h**2 - 5*h - 2. Let z be j(-3). Suppose -l = -289 - z. Is l a composite number?
True
Let x(u) = -362*u - 13. Is x(-7) a composite number?
False
Let s = 20925 + -13606. Is s composite?
True
Let a be (-271)/((-3)/(-15) - 40/(-50)). Let p be 229*-4*(-2)/4. Let x = p + a. Is x a composite number?
True
Let v(q) = -q - 5. Let k be v(-3). Let s(n) be the second derivative of -19*n**3/2 - 3*n**2/2 + 11*n + 2. Is s(k) a prime number?
False
Let s(x) = -1061*x + 66. Is s(-7) a composite number?
True
Let f(i) = -i**3 - 7*i**2 - 6*i + 5. Let j be f(-6). Let x be 0*4/(-12) - 0. Suppose -2*v + 3*c + 147 + 16 = 0, x = -j*v - 5*c + 470. Is v a composite number?
False
Let d be 2/4*30/5. Suppose d*s - 11 = f, -3*s - 2*f - 14 = 2*f. Suppose -4*y = 4*c - 327 - 73, -4*y + s*c = -382. Is y a composite number?
False
Let p(v) = v**3 + 2*v**2 + 2*v + 5411. Let x be 1/(-2)*(1 - 1). Is p(x) a prime number?
False
Let h(c) = c**3 + 4*c**2 - 3*c - 6. Let g be h(-4). Suppose -i = g*q - 4*q - 122, 0 = -5*q - i + 305. Let s = 92 - q. Is s prime?
True
Suppose -b + p - 3 = 2, -b = 2*p - 10. Suppose 4*t - 2*r - 11073 = -t, b = r - 1. Suppose -4*z + t = 5*q, 0*z = 2*z - 10. Is q a composite number?
False
Suppose -4*s - 13 + 61 = 0. Is (-2)/12 + 934*5/s a prime number?
True
Is (14538/8)/((-12)/(-80)) a composite number?
True
Suppose -4*c + 11174 = 2*j - 2*c, 3*c = 5*j - 27935. Is j a composite number?
True
Suppose -3*p = -o + 7468, 9*p = 5*o + 4*p - 37370. Is o a prime number?
True
Is 13215*1/3*(-30 + 31) prime?
False
Let q be 34/8 - 3/12. Let v(p) = -43*p + 346. Let s be v(8). Suppose -q*b + 3*b = -s. Is b composite?
False
Let u = 103 - 97. Suppose u*p + 784 - 18628 = 0. Is p a prime number?
False
Let c(j) = j**2 - 2*j - 3. Suppose -2*v + 0*m + 1 = -3*m, 3*m + 5 = v. Is c(v) composite?
True
Let a(m) = 1587*m**2 + 19*m - 29. Is a(4) a composite number?
False
Let v(n) = 12*n - 301. Is v(41) composite?
False
Let f = 78 + -20. Is f a prime number?
False
Suppose 5*l + 8*z - 27473 = 0, 5*l - 5*z - 31036 = -3576. Is l composite?
True
Let h(w) = -31*w**2 - w. Let p(n) = n**3 + 2*n**2 + 1. Let r be p(-2). Let x be h(r). Is ((-291)/(-2))/((-24)/x) composite?
True
Suppose 0 = -4*p, -4*v - 2*p + 4*p = -8. Suppose 2*k + 0*k = -2*s + 2310, 2*s - 2294 = v*k. Is s composite?
False
Suppose 0 = 3*u - 3*t + 273, -8*u - 495 = -3*u + 5*t. Let o = u - -184. Is o a composite number?
False
Let y = 8212 + -5121. Is y composite?
True
Let y(x) = -x**3 - 29*x**2 - 42*x - 73. Is y(-35) a prime number?
True
Let k be 5*(-4)/(40/(-18)). Let a(d) = d**3 - 7*d**2 - 3*d - 1. Is a(k) prime?
False
Let u(j) be the third derivative of j**5/10 + j**4/3 - j**3/6 - j**2. Is u(8) a composite number?
True
Let h = 3421 + 2136. Is h prime?
True
Let u(r) = -10*r**3 + r**2 - 4*r - 13. Let v be 18*(-3)/(1 + 8). Is u(v) prime?
True
Let o(y) = 10*y + 7. Let h be o(8). Let u = 181 - h. Is u composite?
True
Let k = 4607 - 1592. Suppose i - 5*w = 1536, -4*i + w = -k - 3034. Is i a composite number?
False
Let h(j) = -16*j - 2. Let u(b) = -b**3 - 3*b**2 - 5*b - 2. Let a be u(-2). Suppose -3*n = -0*q - 3*q, a*n + 15 = -q. Is h(q) prime?
False
Let r(i) = i**2 + 2*i + 3. Let m(z) = z**3 - 7*z**2 + 9*z - 9. Let c be m(6). Let a be r(c). Suppose a = -5*t + 347. Is t composite?
True
Let v = 0 + 5. Let i(n) = n**2 - 2*n - 15. Let b be i(5). Suppose b = -5*s - 5*h + 645, h = -v*s - h + 639. Is s composite?
False
Let n be (-7 - -2)*8/5. Let y(o) be the third derivative of -11*o**4/24 + 3*o**3/2 + 2*o**2 - 20*o. Is y(n) a prime number?
True
Suppose d + 2*d - 4*p - 23748 = 0, 0 = -3*d - 5*p + 23748. Suppose 2774 = 10*w - d. Is w a composite number?
False
Is (-3812*(-3)/30)/((-2)/(-85)) composite?
True
Let u = 24584 + -843. Is u composite?
False
Let j = -11646 - -25753. Is j a composite number?
False
Suppose -4*x + 2*x = 3*b + 15, 5*x = b + 5. Let y(k) = -8*k**2 + 5*k - 4. Let q be y(b). Let t = -118 - q. Is t a prime number?
False
Let q(g) = -g**3 - 44*g**2 + 61*g + 45. Is q(-50) a composite number?
True
Suppose -5*x = -5, 0 = -0*q - 4*q + 5*x + 683. Suppose 30404 - q = 8*l. Is l composite?
False
Suppose -30 = -5*p + 5*i, 3*p + 5*i + 15 = 1. Let b(d) = 0*d - 2 - 3 - 3*d**2 + 2*d**p - 12*d. Is b(-6) prime?
True
Let d(p) = -129*p - 272. Is d(-19) a composite number?
False
Suppose -5*a + 31931 = 2*v, 3*a - 4*v = v + 19140. Is a prime?
False
Let t be -1 + 8/6 - (-798)/63. Suppose 2*l + 12815 = t*l. Is l composite?
True
Let l(z) = -147*z + 2. Let o(r) = -148*r + 3. Let w(p) = 3*l(p) - 2*o(p). Let a be 1/((-1)/((-4)/(-4))). Is w(a) prime?
False
Suppose -1 - 15 = -2*w. Suppose 3*u + 425 = w*u. Is u composite?
True
Let m(j) = -5*j**2 + 19 + 25*j**2 - 2 - j + 9. Is m(9) prime?
True
Let v be (428/6)/((-4)/12). Let l = v - -539. Suppose -4*s + l = -1191. Is s a prime number?
True
Is ((-15)/20)/((-12)/35408) a prime number?
True
Let d be (-3)/(-2) + 3/(-2). Suppose d = -2*k + 2187 + 407. Is k composite?
False
Let j(t) = 4547*t + 9. Is j(4) prime?
False
Suppose 0 = -w + 2*a, -4*w + a + a + 6 = 0. Let s = 14 + -14. Suppose -68 - 1789 = -5*o + w*t, -4*t - 4 = s. Is o prime?
False
Let h = 32 - 27. Suppose z = 1 - h, 0 = 4*n + 2*z - 7028. Is n a prime number?
True
Suppose -357650 = -37*f - 78633. Is f composite?
False
Suppose 0 = -3*o - 4*w + 22, 4*w = -5*o + 18 + 16. Is 21/o + 4/8 + 2199 prime?
True
Suppose 0 = 6*a - 5*a - 4. Is (1042/a)/((20/(-8))/(-5)) prime?
True
Let g be (2/3)/((-8)/12). Let w be (-2 - g)*(2 + -5). Suppose -5*j + w*n = -158, 3*j = -4*n + 8*n + 97. Is j a prime number?
True
Let s(q) = 43*q**3 - 4*q**2 + 9*q + 9. Let u be s(-4). Let y = u + 4938. Is y composite?
True
Let g = 737 + 10056. Is g composite?
True
Suppose 101 + 284 = 7*z. Suppose -267 = 3*k - 8*k + 2*s, -2*s = -k + z. Is k prime?
True
Let y(i) = 5*i**2 + 2*i + 2. Let u be y(-1). Let f be (-1 + 7)/(3/2). Suppose -f*j = u*b - 3*b - 270, 0 = b + j - 140. Is b composite?
True
Suppose 0 = -3*b + 7*u - 3*u - 14, -5*u = -10. Let d be (-27)/18*b/(-3). Is (-762)/(-3)*d/(-2) a composite number?
False
Suppose 0 = -c + 4*s + 21, -2*c - 2*s - 3 = 5. Let o be (2 - c)/((-4)/48). Is o + 8 - 65*-3 a composite number?
False
Let i = -1394 + 3325. Is i composite?
False
Let u = 14533 - 8520. Is u a composite number?
True
Suppose 2*w + v - 7006 = 0, 2503 = w - 4*v - 1018. Suppose 0 = -2*c + d + 7020, -3*d + 0*d - w = -c. Is c prime?
True
Let k = 8008 + -4175.